rs of 25929639.
3, 320119
List the prime factors of 114294080.
2, 5, 357169
List the prime factors of 334091512.
2, 59, 197, 3593
What are the prime factors of 1352410804?
2, 19, 17794879
What are the prime factors of 1071569970?
2, 3, 5, 11906333
List the prime factors of 42226870.
2, 5, 7, 719, 839
What are the prime factors of 416485781?
349, 1193369
List the prime factors of 305907149.
53, 5771833
List the prime factors of 4039649353.
41, 98528033
What are the prime factors of 256626123?
3, 13, 83, 79279
What are the prime factors of 2419765796?
2, 7, 86420207
What are the prime factors of 1403022943?
7, 37, 53, 179, 571
List the prime factors of 1226987302.
2, 23, 521, 51197
List the prime factors of 1119869065.
5, 7, 53, 233, 2591
What are the prime factors of 85069412?
2, 29, 79, 9283
List the prime factors of 89912599.
7, 263, 6977
What are the prime factors of 193972196?
2, 11, 47, 8527
List the prime factors of 86143281.
3, 7, 241, 17021
What are the prime factors of 26677074?
2, 3, 37, 120167
List the prime factors of 72541973.
7, 103, 100613
List the prime factors of 6979759013.
229, 30479297
What are the prime factors of 21945334?
2, 17, 31, 47, 443
What are the prime factors of 141159952?
2, 509, 17333
What are the prime factors of 1026789473?
331, 1511, 2053
List the prime factors of 7726640633.
97, 79656089
List the prime factors of 1281637252.
2, 7, 29, 929, 1699
What are the prime factors of 35960045?
5, 11, 653819
What are the prime factors of 114540695?
5, 1019, 22481
What are the prime factors of 1137882156?
2, 3, 31, 751, 4073
What are the prime factors of 125673822?
2, 3, 2327293
What are the prime factors of 602190556?
2, 11, 109, 241, 521
List the prime factors of 58387461.
3, 11, 239, 673
What are the prime factors of 1335072694?
2, 47, 14202901
List the prime factors of 21606104.
2, 13, 103, 2017
What are the prime factors of 561858112?
2, 79, 111127
What are the prime factors of 40078410?
2, 3, 5, 19, 70313
What are the prime factors of 2082920640?
2, 3, 5, 61, 35569
List the prime factors of 64537998.
2, 3, 7, 219517
List the prime factors of 76767305.
5, 15353461
What are the prime factors of 178156399?
178156399
What are the prime factors of 28721030?
2, 5, 13, 220931
List the prime factors of 5161439462.
2, 17, 139, 1092137
List the prime factors of 69825217.
7, 11, 23, 89, 443
List the prime factors of 253230404.
2, 7, 19, 475997
What are the prime factors of 215050847?
11, 107, 182711
What are the prime factors of 233869183?
83, 2817701
List the prime factors of 2132680.
2, 5, 11, 37, 131
What are the prime factors of 113787380?
2, 5, 7, 373, 2179
List the prime factors of 217721268.
2, 3, 293, 20641
What are the prime factors of 27861617?
7, 3980231
What are the prime factors of 6389400589?
11, 13, 44681123
What are the prime factors of 243744901?
19, 12828679
List the prime factors of 41372527.
7, 5910361
List the prime factors of 622039019.
7, 88862717
What are the prime factors of 462575989?
59, 7840271
What are the prime factors of 1680214488?
2, 3, 1789, 39133
What are the prime factors of 1743553608?
2, 3, 73, 431, 2309
List the prime factors of 89541424.
2, 7, 181, 631
List the prime factors of 1464312686.
2, 61, 853, 14071
What are the prime factors of 89109735?
3, 5, 11, 13, 41543
List the prime factors of 61886631.
3, 241, 85597
List the prime factors of 474316529.
474316529
List the prime factors of 4281084085.
5, 19, 41, 43, 25561
List the prime factors of 578464337.
11, 43, 73, 1523
List the prime factors of 1474699985.
5, 11, 59, 454453
List the prime factors of 947027940.
2, 3, 5, 239, 66041
List the prime factors of 9858338.
2, 7, 107, 6581
List the prime factors of 247181658.
2, 3, 89, 462887
List the prime factors of 583577903.
583577903
List the prime factors of 38260523.
7, 17, 23, 1997
What are the prime factors of 829911589?
13, 29, 2201357
What are the prime factors of 1010825154?
2, 3, 71, 89, 8887
List the prime factors of 175200118.
2, 87600059
List the prime factors of 139725698.
2, 7, 967, 10321
List the prime factors of 51462038.
2, 25731019
List the prime factors of 117383069.
117383069
List the prime factors of 826825095.
3, 5, 18373891
What are the prime factors of 571828119?
3, 29, 6572737
What are the prime factors of 5746286063?
7, 820898009
List the prime factors of 3792421426.
2, 1896210713
What are the prime factors of 330351564?
2, 3, 27529297
List the prime factors of 227298708.
2, 3, 7, 13, 69383
What are the prime factors of 1851285349?
19, 3037, 32083
List the prime factors of 111194013.
3, 7, 5294953
List the prime factors of 661758684.
2, 3, 47, 607, 1933
What are the prime factors of 101908216?
2, 23, 553849
What are the prime factors of 72657919?
19, 1103, 3467
What are the prime factors of 170048985?
3, 5, 11336599
List the prime factors of 70259045.
5, 17, 79, 10463
List the prime factors of 41215832.
2, 7, 735997
What are the prime factors of 220598886?
2, 3, 1433, 25657
What are the prime factors of 82034820?
2, 3, 5, 7, 71, 131
List the prime factors of 37306075.
5, 17, 61, 1439
List the prime factors of 10063349.
257, 39157
List the prime factors of 2531052098.
2, 41, 1193, 25873
List the prime factors of 2068329684.
2, 3, 17, 61, 71, 2341
What are the prime factors of 51954193?
17, 3056129
What are the prime factors of 92885676?
2, 3, 13, 43, 61, 227
What are the prime factors of 24339113?
4021, 6053
What are the prime factors of 829570394?
2, 23, 73, 467
What are the prime factors of 827354843?
7, 211, 560159
List the prime factors of 33293608.
2, 4161701
List the prime factors of 573548216.
2, 79, 907513
List the prime factors of 1517054712.
2, 3, 1259, 50207
What are the prime factors of 20926877?
97, 443, 487
List the prime factors of 977031141.
3, 29, 11230243
List the prime factors of 278616466.
2, 5323, 26171
What are the prime factors of 106340985?
3, 5, 787711
List the prime factors of 110695770.
2, 3, 5, 619, 1987
List the prime factors of 737837658.
2, 3, 40990981
List the prime factors of 2630380113.
3, 103, 2837519
List the prime factors of 144623858.
2, 19, 401, 9491
What are the prime factors of 577133186?
2, 7, 43, 958693
List the prime factors of 185329493.
443, 418351
What are the prime factors of 882097385?
5, 13, 13570729
What are the prime factors of 1156092443?
11, 179, 53377
List the prime factors of 198412564.
2, 7, 379, 2671
What are the prime factors of 31245044?
2, 19, 411119
List the prime factors of 76683068.
2, 7, 11, 248971
List the prime factors of 9123998.
2, 13, 43, 8161
What are the prime factors of 140814897?
3, 5209, 9011
List the prime factors of 1176854320.
2, 5, 113, 130183
What are the prime factors of 34466299?
7, 4923757
List the prime factors of 42340448.
2, 1323139
What are the prime factors of 250129386?
2, 3, 13, 151, 7079
List the prime factors of 109992056.
2, 13749007
What are the prime factors of 48071822?
2, 24035911
What are the prime factors of 3139119415?
5, 6871, 91373
What are the prime factors of 1794069738?
2, 3, 17, 5862973
What are the prime factors of 40001561?
17, 151, 15583
List the prime factors of 6432918124.
2, 37, 659, 65957
List the prime factors of 4396471815.
3, 5, 293098121
List the prime factors of 59714203.
367, 162709
What are the prime factors of 13189577?
29, 41, 11093
What are the prime factors of 3492967207?
137, 186103
What are the prime factors of 301197962?
2, 13, 11584537
List the prime factors of 43535483.
313, 139091
What are the prime factors of 1149508456?
2, 877, 163841
What are the prime factors of 521942806?
2, 7, 11, 17, 19, 1499
List the prime factors of 727346241.
3, 17, 279641
What are the prime factors of 2628201798?
2, 3, 146011211
What are the prime factors of 117117655?
5, 47, 59, 8447
List the prime factors of 176191354.
2, 557, 158161
List the prime factors of 1542402739.
41, 37619579
List the prime factors of 6307128406.
2, 269, 11723287
What are the prime factors of 168816672?
2, 3, 19, 30851
What are the prime factors of 145062374?
2, 72531187
List the prime factors of 117581703.
3, 251, 156151
List the prime factors of 541177650.
2, 3, 5, 13, 79, 1171
List the prime factors of 2043529645.
5, 23, 409, 1889
What are the prime factors of 2060940?
2, 3,